{"id":569,"date":"2018-09-21T12:07:43","date_gmt":"2018-09-21T10:07:43","guid":{"rendered":"https:\/\/www.frazao-it.de\/?page_id=9"},"modified":"2026-04-29T11:16:27","modified_gmt":"2026-04-29T09:16:27","slug":"service","status":"publish","type":"page","link":"https:\/\/frazao-it.de\/?page_id=569","title":{"rendered":"Services &#038; Preise"},"content":{"rendered":"\n<div data-wp-context=\"{ &quot;autoclose&quot;: true, &quot;accordionItems&quot;: [] }\" data-wp-interactive=\"core\/accordion\" role=\"group\" class=\"wp-block-accordion is-layout-flow wp-block-accordion-is-layout-flow\" style=\"border-style:none;border-width:0px;border-top-left-radius:19px;border-top-right-radius:19px;border-bottom-left-radius:19px;border-bottom-right-radius:19px\">\n<div data-wp-class--is-open=\"state.isOpen\" data-wp-context=\"{ &quot;id&quot;: &quot;accordion-item-1&quot;, &quot;openByDefault&quot;: false }\" data-wp-init=\"callbacks.initAccordionItems\" data-wp-on-window--hashchange=\"callbacks.hashChange\" class=\"wp-block-accordion-item is-layout-flow wp-block-accordion-item-is-layout-flow\">\n<h3 class=\"wp-block-accordion-heading has-medium-font-size\" style=\"border-top-left-radius:19px;border-top-right-radius:19px;border-bottom-left-radius:19px;border-bottom-right-radius:19px\"><button aria-expanded=\"false\" aria-controls=\"accordion-item-1-panel\" data-wp-bind--aria-expanded=\"state.isOpen\" data-wp-on--click=\"actions.toggle\" data-wp-on--keydown=\"actions.handleKeyDown\" id=\"accordion-item-1\" type=\"button\" class=\"wp-block-accordion-heading__toggle\"><span class=\"wp-block-accordion-heading__toggle-title\"><span style=\"font-weight: bold; color: #3a414e; font-size: 20px !important;\">Prinzipien<\/span><\/span><span class=\"wp-block-accordion-heading__toggle-icon\" aria-hidden=\"true\">+<\/span><\/button><\/h3>\n\n\n\n<div inert aria-labelledby=\"accordion-item-1\" data-wp-bind--inert=\"!state.isOpen\" id=\"accordion-item-1-panel\" role=\"region\" class=\"wp-block-accordion-panel is-layout-flow wp-block-accordion-panel-is-layout-flow\">\n<p><span style=\"color: #3a414e;\">&#8211; ist ein Einsatz oder eine Reparatur erfolglos, dann fallen <span style=\"color: #ff0000;\">keine Kosten<\/span> an<\/span><\/p>\n\n\n\n<p><span style=\"color: #3a414e;\">&#8211; Hol- und Bringservice erfolgt maximal <span style=\"color: #ff0000;\">15 km<\/span> um Kaiserslautern<\/span><\/p>\n<\/div>\n<\/div>\n<\/div>\n\n\n\n<div data-wp-context=\"{ &quot;autoclose&quot;: false, &quot;accordionItems&quot;: [] }\" data-wp-interactive=\"core\/accordion\" role=\"group\" class=\"wp-block-accordion is-layout-flow wp-block-accordion-is-layout-flow\">\n<div data-wp-class--is-open=\"state.isOpen\" data-wp-context=\"{ &quot;id&quot;: &quot;accordion-item-2&quot;, &quot;openByDefault&quot;: false }\" data-wp-init=\"callbacks.initAccordionItems\" data-wp-on-window--hashchange=\"callbacks.hashChange\" class=\"wp-block-accordion-item is-layout-flow wp-block-accordion-item-is-layout-flow\">\n<h3 class=\"wp-block-accordion-heading has-medium-font-size\"><button aria-expanded=\"false\" aria-controls=\"accordion-item-2-panel\" data-wp-bind--aria-expanded=\"state.isOpen\" data-wp-on--click=\"actions.toggle\" data-wp-on--keydown=\"actions.handleKeyDown\" id=\"accordion-item-2\" type=\"button\" class=\"wp-block-accordion-heading__toggle\"><span class=\"wp-block-accordion-heading__toggle-title\"><span style=\"font-weight: bold; color: #3a414e; font-size: 20px !important;\">Services<\/span><\/span><span class=\"wp-block-accordion-heading__toggle-icon\" aria-hidden=\"true\">+<\/span><\/button><\/h3>\n\n\n\n<div inert aria-labelledby=\"accordion-item-2\" data-wp-bind--inert=\"!state.isOpen\" id=\"accordion-item-2-panel\" role=\"region\" class=\"wp-block-accordion-panel is-layout-flow wp-block-accordion-panel-is-layout-flow\">\n<ol class=\"wp-block-list\">\n<li><strong>Mobiler Service &#8211; 89 Euro\/Std<\/strong>\n<ul class=\"wp-block-list\">\n<li>vor Ort Service &#8211; Anfahrt (innerhalb von 15 km), Abholung, Auslieferung, Fehleranalyse inklusive<\/li>\n\n\n\n<li>Virenentfernung<\/li>\n\n\n\n<li>Installation und Wartung des Betriebssystems<\/li>\n\n\n\n<li>Aufr\u00fcstung der Hardware, falls veraltet (Preis exkl. Hardware)<\/li>\n<\/ul>\n<\/li>\n\n\n\n<li><strong>Remote-Support &#8211; 12 Euro\/15 min<\/strong>\n<ul class=\"wp-block-list\">\n<li>Du startest die Software Teamviewer und rufst uns an<\/li>\n\n\n\n<li>unser Support-Team verbindet sich mit Deinem Rechner<\/li>\n\n\n\n<li>jegliche Fehlerbehebungen, solange eine <span style=\"color: #ff0000;\">Internetverbindung noch m\u00f6glich<\/span> ist<\/li>\n<\/ul>\n<\/li>\n\n\n\n<li><strong>Notebook- oder PC-<span style=\"color: #ff0000;\">Auffrischung <\/span>&#8211; ab<\/strong><strong>149 Euro<\/strong>\n<ul class=\"wp-block-list\">\n<li>Austausch der Festplatte gegen eine neue leistungsf\u00e4hige SSD-Platte<\/li>\n\n\n\n<li>Installation des aktuellen Betriebssystems Windows 10<\/li>\n\n\n\n<li>Einrichtung des Notebooks nach Kundenwunsch<\/li>\n\n\n\n<li>SSD-Festplatte und Windows 10-Lizenz inklusive (Preis gilt f\u00fcr eine 240GB-SSD)<\/li>\n\n\n\n<li><span style=\"color: #ff0000;\">Wichtig: hierbei gehen alle Daten verloren!!!<\/span><\/li>\n<\/ul>\n<\/li>\n\n\n\n<li><strong>Festplatte auf eine gleich gro\u00dfe \/ gr\u00f6\u00dfere SSD<\/strong><strong> kopieren &#8211; ab 179 Euro <\/strong>\n<ul class=\"wp-block-list\">\n<li><span style=\"color: #ff0000;\">inklusive<\/span> SSD-Festplatte (Preis gilt f\u00fcr eine 240GB-SSD)<\/li>\n\n\n\n<li>Bearbeitung innerhalb von 3 Tagen<\/li>\n\n\n\n<li>Geld zur\u00fcck, falls ein kopieren nicht m\u00f6glich ist<\/li>\n<\/ul>\n<\/li>\n\n\n\n<li><strong>Abholung und Vernichtung von Festplatten\/Notebooks (egal ob verbaut oder einzeln) &#8211; ab 35 Euro<\/strong>\n<ul class=\"wp-block-list\">\n<li>Die Daten auf der Festplatte werden <span style=\"color: #ff0000;\">restlos vernichtet<\/span><\/li>\n\n\n\n<li>Das Angebot gilt <span style=\"color: #ff0000;\">nicht f\u00fcr Desktop-PCs<\/span><\/li>\n\n\n\n<li>35 Euro f\u00fcr die <span style=\"color: #ff0000;\">erste<\/span> Festplatte (jede weitere 20 Euro)<\/li>\n<\/ul>\n<\/li>\n\n\n\n<li><strong>Upgrade von Windows 10 auf Windows 11<\/strong> &#8211; <strong>79 Euro<\/strong>\n<ul class=\"wp-block-list\">\n<li>auch auf nicht unterst\u00fctzten CPUs oder mit fehlendem TPM<\/li>\n<\/ul>\n<\/li>\n\n\n\n<li><strong>Support von Psyprax f\u00fcr Psychologische Arztpraxen<\/strong><\/li>\n\n\n\n<li class=\"has-palette-color-3-color has-text-color has-link-color wp-elements-4da14455e72d450403bbe4d1808002f7\">komplette <strong>Netzwerkinstallationen<\/strong> inklusive vorheriger Beratung<\/li>\n\n\n\n<li><strong>Weitere Services gerne auf Anfrage<\/strong>\n<ul class=\"wp-block-list\">\n<li>Anfrage per Mail, Kontaktformular, telefonisch oder auch \u00fcber <span style=\"color: #ff0000;\">Whatsapp<\/span><\/li>\n\n\n\n<li>wir erweitern momentan unser Portfolio und sind f\u00fcr Anfragen aller Art dankbar<\/li>\n<\/ul>\n<\/li>\n<\/ol>\n<\/div>\n<\/div>\n<\/div>\n\n\n\n<div data-wp-context=\"{ &quot;autoclose&quot;: false, &quot;accordionItems&quot;: [] }\" data-wp-interactive=\"core\/accordion\" role=\"group\" class=\"wp-block-accordion is-layout-flow wp-block-accordion-is-layout-flow\">\n<div data-wp-class--is-open=\"state.isOpen\" data-wp-context=\"{ &quot;id&quot;: &quot;accordion-item-3&quot;, &quot;openByDefault&quot;: false }\" data-wp-init=\"callbacks.initAccordionItems\" data-wp-on-window--hashchange=\"callbacks.hashChange\" class=\"wp-block-accordion-item is-layout-flow wp-block-accordion-item-is-layout-flow\">\n<h3 class=\"wp-block-accordion-heading has-medium-font-size\"><button aria-expanded=\"false\" aria-controls=\"accordion-item-3-panel\" data-wp-bind--aria-expanded=\"state.isOpen\" data-wp-on--click=\"actions.toggle\" data-wp-on--keydown=\"actions.handleKeyDown\" id=\"accordion-item-3\" type=\"button\" class=\"wp-block-accordion-heading__toggle\"><span class=\"wp-block-accordion-heading__toggle-title\"><strong>Festpreise<\/strong><\/span><span class=\"wp-block-accordion-heading__toggle-icon\" aria-hidden=\"true\">+<\/span><\/button><\/h3>\n\n\n\n<div inert aria-labelledby=\"accordion-item-3\" data-wp-bind--inert=\"!state.isOpen\" id=\"accordion-item-3-panel\" role=\"region\" class=\"wp-block-accordion-panel is-layout-flow wp-block-accordion-panel-is-layout-flow\">\n<ul class=\"wp-block-list\">\n<li><span style=\"color: #ff0000;\">Ersteinrichtung<\/span> Computer, Tablet, Notebook, Netbook: Komplette Erstinstallation Betriebssystem &#8211;&nbsp;<strong>79 Euro<\/strong><\/li>\n\n\n\n<li><span style=\"color: #ff0000;\">Kaufberatung<\/span> Elektronik- oder Smart Home-Ger\u00e4te &#8211; <strong>29 Euro\/Std<\/strong><\/li>\n\n\n\n<li><span style=\"color: #ff0000;\">Leih-Notebook<\/span> inklusive Lieferung nach Hause<strong> &#8211;&nbsp; 49 Euro\/Woche<\/strong><\/li>\n\n\n\n<li><span style=\"color: #ff0000;\">Anfahrtskosten&nbsp;<\/span> betragen <strong>15 Euro innerhalb von Kaiserslautern<\/strong>, au\u00dferhalb 1 Euro\/Km<\/li>\n\n\n\n<li>weitere Preise gerne auf Anfrage<\/li>\n<\/ul>\n<\/div>\n<\/div>\n<\/div>\n\n\n\n<div data-wp-context=\"{ &quot;autoclose&quot;: false, &quot;accordionItems&quot;: [] }\" data-wp-interactive=\"core\/accordion\" role=\"group\" class=\"wp-block-accordion is-layout-flow wp-block-accordion-is-layout-flow\">\n<div data-wp-class--is-open=\"state.isOpen\" data-wp-context=\"{ &quot;id&quot;: &quot;accordion-item-4&quot;, &quot;openByDefault&quot;: false }\" data-wp-init=\"callbacks.initAccordionItems\" data-wp-on-window--hashchange=\"callbacks.hashChange\" class=\"wp-block-accordion-item is-layout-flow wp-block-accordion-item-is-layout-flow\">\n<h3 class=\"wp-block-accordion-heading has-medium-font-size\"><button aria-expanded=\"false\" aria-controls=\"accordion-item-4-panel\" data-wp-bind--aria-expanded=\"state.isOpen\" data-wp-on--click=\"actions.toggle\" data-wp-on--keydown=\"actions.handleKeyDown\" id=\"accordion-item-4\" type=\"button\" class=\"wp-block-accordion-heading__toggle\"><span class=\"wp-block-accordion-heading__toggle-title\">Hardware<\/span><span class=\"wp-block-accordion-heading__toggle-icon\" aria-hidden=\"true\">+<\/span><\/button><\/h3>\n\n\n\n<div inert aria-labelledby=\"accordion-item-4\" data-wp-bind--inert=\"!state.isOpen\" id=\"accordion-item-4-panel\" role=\"region\" class=\"wp-block-accordion-panel is-layout-flow wp-block-accordion-panel-is-layout-flow\">\n<ul class=\"wp-block-list\">\n<li><span style=\"color: #ff0000;\">Notebooks<\/span> wir bieten sowohl gebrauchte, als auch neue Notebooks an. Da der Bestand aufgrund der hohen Nachfrage relativ klein und immer schnell vergriffen ist, bitten wir hier um etwas Geduld. In der Regel betr\u00e4gt die Lieferzeit f\u00fcr Hardware h\u00f6chstens zwei Wochen.<\/li>\n\n\n\n<li><span style=\"color: #ff0000;\">Tablets<\/span> sowie weitere Elektronik- oder Smart Home-Ger\u00e4te<\/li>\n\n\n\n<li><span style=\"color: #ff0000;\">PC-Zubeh\u00f6r \/ Peripherie<\/span>: auf Anfrage<\/li>\n<\/ul>\n<\/div>\n<\/div>\n<\/div>\n\n\n\n<p><\/p>\n","protected":false},"excerpt":{"rendered":"","protected":false},"author":1,"featured_media":0,"parent":0,"menu_order":0,"comment_status":"closed","ping_status":"closed","template":"","meta":{"_uag_custom_page_level_css":"","footnotes":""},"class_list":["post-569","page","type-page","status-publish","hentry"],"blocksy_meta":[],"uagb_featured_image_src":{"full":false,"thumbnail":false,"medium":false,"medium_large":false,"large":false,"1536x1536":false,"2048x2048":false},"uagb_author_info":{"display_name":"mfratze","author_link":"https:\/\/frazao-it.de\/?author=1"},"uagb_comment_info":0,"uagb_excerpt":null,"_links":{"self":[{"href":"https:\/\/frazao-it.de\/index.php?rest_route=\/wp\/v2\/pages\/569","targetHints":{"allow":["GET"]}}],"collection":[{"href":"https:\/\/frazao-it.de\/index.php?rest_route=\/wp\/v2\/pages"}],"about":[{"href":"https:\/\/frazao-it.de\/index.php?rest_route=\/wp\/v2\/types\/page"}],"author":[{"embeddable":true,"href":"https:\/\/frazao-it.de\/index.php?rest_route=\/wp\/v2\/users\/1"}],"replies":[{"embeddable":true,"href":"https:\/\/frazao-it.de\/index.php?rest_route=%2Fwp%2Fv2%2Fcomments&post=569"}],"version-history":[{"count":8,"href":"https:\/\/frazao-it.de\/index.php?rest_route=\/wp\/v2\/pages\/569\/revisions"}],"predecessor-version":[{"id":1353,"href":"https:\/\/frazao-it.de\/index.php?rest_route=\/wp\/v2\/pages\/569\/revisions\/1353"}],"wp:attachment":[{"href":"https:\/\/frazao-it.de\/index.php?rest_route=%2Fwp%2Fv2%2Fmedia&parent=569"}],"curies":[{"name":"wp","href":"https:\/\/api.w.org\/{rel}","templated":true}]}}